 q(c) = c + 1. Let z(t) = -2*t**2 + 5*t - 2. Let m(o) = 10*q(o) - 2*z(o). What is the hundreds digit of m(-12)?
5
Let y(d) = d + 7. Let q be y(-12). Let m be 16 - q - (5 + -1)*-1. Suppose 0 = 12*o - 7*o - m. What is the units digit of o?
5
Let o be (-132)/(-24) + (-12)/8. Suppose 0 = w + 5*d - 533, -o*d - 6 = -14. What is the units digit of w?
3
What is the units digit of 1 + 7/1 + 26 + 11727?
1
Suppose 69 - 6 = 9*l. Suppose 2*c = l*c - 495. What is the units digit of c?
9
Let n(k) = 9*k + 107. Let j = -21 - -26. Let c(g) = -2*g**2 + 10*g. Let p be c(j). What is the units digit of n(p)?
7
Let w = -38 - -3345. What is the units digit of w?
7
Let i = 12916 - 11557. What is the hundreds digit of i?
3
Let a = 5888 - 5211. What is the tens digit of a?
7
Suppose 3*p = 20 - 14, 2*p - 424 = -5*l. Let t be 1/(-1*3/144). Let b = t + l. What is the tens digit of b?
3
What is the hundreds digit of 5216 + (2 - 2) + -8?
2
Let x = -10175 + 18308. What is the tens digit of x?
3
Suppose 5*s - 98 + 118 = 0. What is the hundreds digit of 1 - 3 - (-1017 + s)?
0
Suppose 27*j + 156 = j. What is the hundreds digit of 487 - (j/6 - 5)?
4
Let n = -49211 + 134389. What is the hundreds digit of n?
1
Let k be (-28)/(-6) + 3/9. Suppose 0 = 3*t + 2*o - 4*o - 164, -4*t = -3*o - 218. Suppose -4*b = -2*l + 42, -l + k*l - b = t. What is the tens digit of l?
1
Let l be (-17 + 1609)*(-3 - (-15)/6). Let y = 1278 + l. What is the tens digit of y?
8
Let t = 8954 - 2823. What is the thousands digit of t?
6
Suppose -2*b - 5*y + 71 = 0, -40*b - 2*y = -43*b + 59. Suppose -69660 = -b*g - 26489. What is the units digit of g?
7
Suppose -5 + 33 = 7*k. Suppose -2*o + 8 = -0*o, 5*m + k*o = 31. Suppose 0 = m*r - 2*r - 93. What is the units digit of r?
3
What is the hundreds digit of -2 - (6 + -4) - 54640/(-8)?
8
Let n(l) = l**3 + 40*l**2 + 2*l + 10924. What is the tens digit of n(0)?
2
Let y(q) = -q**3 - 6*q**2 + 4. Let d be y(-6). Suppose 5*u + 243 = 3*x, -3*u = 55*x - 52*x - 243. Let o = d + x. What is the tens digit of o?
8
Let d = 471 - 5184. Let c = -3095 - d. What is the units digit of c?
8
Let n = 4764 - -6569. What is the ten thousands digit of n?
1
Let p = 978 + 22316. What is the ten thousands digit of p?
2
Let t be 0 - (21 + 2 + -3). Suppose 3*j + 21 = 2*w, 2*j = -6*w + w + 24. What is the tens digit of 930/t*(-8)/w?
6
Let x(i) = 5*i**2 + 2*i + 5. Let p be (1/(1/8))/(-2). Let f be x(p). Suppose -g + 5*u + f = -10, 5*g - 3*u - 369 = 0. What is the units digit of g?
2
Let g(l) = 262*l**2 - 4*l - 168. What is the thousands digit of g(-8)?
6
Suppose -268292 + 121838 = -18*d + 575832. What is the hundreds digit of d?
1
Suppose -c + 3*k = -17, 0 = -4*c + 20*k - 15*k + 33. Suppose 0*n = 3*d + 2*n - 1411, d - c*n - 481 = 0. What is the units digit of d?
3
Let t(y) = 14*y + 65. Let z be t(18). Let p(u) = -u + 5. Let c be p(0). Suppose 5*j + 415 = c*a, 4*a + j - z = -0*j. What is the tens digit of a?
8
Let z be 0/(-6) + (5600 - (-3 - -3)). Suppose -9*m + z = m. Suppose -8*c + m = -384. What is the hundreds digit of c?
1
Let d be (5*(-4548)/150)/((-4)/(-10)). Let q = d + 791. What is the units digit of q?
2
Let n = -10 + 19. Let m(f) = -277 + f**2 - 7*f - 311 + 607. What is the tens digit of m(n)?
3
Let d(b) be the second derivative of 163*b**3/3 - 2*b**2 + 85*b. What is the hundreds digit of d(1)?
3
Let r = 8 + -59. Let w = r + 102. What is the units digit of w/(-119) + 17/7?
2
Let m be (1 - (-2)/(-6))/(3/9). Suppose -3*g + 640 = 4*q, m*g - g = -4*q + 208. Suppose g - 24 = 4*c. What is the units digit of c?
8
Let t be ((-203440)/(-15) - 3) + 1/3. Suppose -t = -138*y + 128*y. What is the tens digit of y?
5
Let l(r) = r + 6. Suppose -9 = -3*t, -4*t + 20 = 7*s - 3*s. Let o be 14/(-3) + (-2)/(-6)*s. What is the units digit of l(o)?
2
Let k be 7*(-6)/(-21) + (-50)/(-2). Let c = k - 28. What is the units digit of (4 + -1)/c*(-1250)/75?
0
Suppose 11*f - 68483 = 13214. What is the thousands digit of f?
7
Suppose 177*o = 198*o - 755538. What is the tens digit of o?
7
Let k be 133576/72 + (-2 - 64/(-36)). Suppose -4*n = -20, 4*z = 9*z + 3*n - k. What is the tens digit of z?
6
Let o(f) = -1433*f - 298. What is the tens digit of o(-29)?
5
Let g = -281 + 283. What is the units digit of 802 - (-5 - (-24)/g)?
5
Let z = 913 - 37. Suppose y - 2*m - z = 0, -9*m + 867 = y - 14*m. What is the hundreds digit of y?
8
Let q = -6770 - 5168. What is the tens digit of ((-780)/108 - -7) + q/(-18)?
6
What is the hundreds digit of ((-381235)/(-76) - -13) + (-1)/4?
0
Suppose -15*x + 54 = 3*x. Suppose k + 7*l - x*l - 3 = 0, -4*k - 5*l + 12 = 0. Suppose 0 = -k*s + 7 + 11. What is the units digit of s?
6
Suppose -30*f = -25*f + 3960. Let b = f - -1446. What is the hundreds digit of b?
6
Let g = -58330 + 99024. What is the thousands digit of g?
0
Suppose -448 - 608 = 4*b. Let j(f) = 13*f - 6. Let q be j(-3). Let r = q - b. What is the tens digit of r?
1
Let t be 11/(-3 + 14) - 1*-4. Suppose t*b - 18*b = -6175. What is the units digit of b?
5
Let f be 28/7*15925/20. Suppose 5*z + 0*d + 2*d - f = 0, d = 3*z - 1900. What is the hundreds digit of z?
6
Let k = 21459 + -10700. What is the units digit of k?
9
What is the hundreds digit of (2438250/(-225))/((-2)/3)?
2
What is the tens digit of 6/((-8)/(-4))*831*102/27?
1
Let k = 4415 - 2603. What is the tens digit of k?
1
Suppose 0 = -2*x - b + 112, -2*b = -5*x - 0*b + 289. Let k = 183 - x. What is the tens digit of k?
2
Suppose -5*h - 13397 = -l, 6712 = 5*l + h - 60325. What is the ten thousands digit of l?
1
Let q(z) = 3*z + 2. Let f be q(0). Suppose t = f*t + 3*t. Suppose 2*m - 91 - 237 = t. What is the units digit of m?
4
What is the units digit of (-5)/(388274/29868 + -13)?
4
Suppose 2*a + 5*n - 469 = -0*a, -4*a + 5*n = -923. Suppose 111 = -139*q + 138*q. Let o = q + a. What is the units digit of o?
1
Suppose 78*s - 33*s - 35*s = 64570. What is the hundreds digit of s?
4
Suppose 25962 = 7*g - 8205. What is the hundreds digit of g?
8
Let x be (-3)/(-2)*24/12. Suppose 7 - 19 = x*g. Let t(k) = -50*k - 6. What is the hundreds digit of t(g)?
1
Let c be (36/144 - 2/(-56))*-7. What is the hundreds digit of (160/4)/(c/(-45))?
9
Suppose -16 = 2*b - 24. Suppose 11*n = b*n + 343. Let s = -31 + n. What is the units digit of s?
8
Let p(s) = 2*s**3 - 10*s**2 + 5*s - 4. Let w(y) = -y**2 + 5*y + 5. Let r be 0 + 1/(-2) - (-11)/2. Let x be w(r). What is the units digit of p(x)?
1
Let r = 1858 + -1196. Let v = r - 264. What is the hundreds digit of v?
3
Suppose 5*u + 391 = 4*u. Let s = -602 - u. Let d = s - -421. What is the hundreds digit of d?
2
Let a(r) be the third derivative of 185*r**4/24 + 2*r**3/3 + 8*r**2. Let i(d) = -184*d - 5. Let j(x) = 6*a(x) + 5*i(x). What is the tens digit of j(1)?
8
What is the units digit of 6/(-8) + -9*515671/(-468)?
6
Let w = -5096 + 8082. What is the tens digit of w?
8
Let h(b) = -b + 14. Let q be h(6). What is the hundreds digit of (405/12)/(2/q)?
1
Suppose -2 = i, 5*f + 4*i - 188367 = 5*i. What is the hundreds digit of f?
6
Let o = 10772 + 15967. What is the tens digit of o?
3
Suppose 4*l - k - 42 = 2*k, -3*k = 4*l - 54. Let w be 0 + 10 + -15 + l. Suppose -68 = 3*g - w*g. What is the units digit of g?
7
Let s(k) = -3*k + 15. Let y be s(4). Suppose -3*i = y, 4*m = 2*m - 3*i + 221. Suppose -m = -9*j + 8*j. What is the hundreds digit of j?
1
Let k = 23 + -32. Let v be 0 + (6 - 0) + k + 8. Suppose 5 = -2*n - v*z + 12, 10 = 2*n + 2*z. What is the units digit of n?
6
Suppose -p = z - 15584, z - 2672 + 33852 = 2*p. What is the thousands digit of p?
5
Let c = 64 + -55. Let l be 4 - c/3 - -3. What is the units digit of l/6 + (-494)/(-6)?
3
Suppose 115 = -5*f + 1590. Let p = 459 + f. What is the hundreds digit of p?
7
Let q(h) = 11*h**3 + 19*h**2 - 313*h - 99. What is the tens digit of q(12)?
8
Suppose -4*t + 12226 = 3*h, -9*t = -6*t - h - 9163. What is the units digit of t?
5
Let n = 22849 + 11639. Suppose n = 19*l - l. What is the hundreds digit of l?
9
Let d(c) = -2*c + 16. Let k be d(8). Suppose -f + 197 + 493 = k. What is the tens digit of f?
9
Let s = 12827 + -5793. What is the tens digit of s?
3
Let q(s) = 8*s**2 - 78*s - 22. Let y(d) = -25*d**2 + 235*d + 65. Let m(z) = -10*q(z) - 3*y(z). What is the tens digit of m(11)?
4
Let x be (-1 - 20/(-16))/(5/40). S